 k be i(-19). Calculate s(k).
10
Let j be ((-33)/9 + 3)*12/(-4). Let c(v) be the first derivative of 1/4*v**4 + v - v**3 - 3 + 0*v**j. What is c(3)?
1
Let a(x) = -x - x**2 - x**3 - 1 - 3 + 0*x**2. Let l be (1/(-2))/((-4)/48). Suppose l*m = -m. Give a(m).
-4
Let q(w) = 26*w + 14. Let z(x) = -9*x - 5. Let n(t) = -3*q(t) - 8*z(t). Let k be n(-1). Let p(u) = 17*u**2 - 14*u**2 - u - k + u**3 + 5*u**2. Give p(-8).
4
Let k(t) = -t**3 + 23*t**2 + 18*t + 7. Let s(f) = -f**3 + 21*f**2 + 17*f + 7. Let m(c) = 6*k(c) - 7*s(c). Give m(10).
-17
Suppose -5*a + 0 + 15 = 0. Suppose t - 2*z - 2 = -a*t, 30 = 5*t + 3*z. Let w(l) = 32 + 36 + 36 - 140 - 3*l + 39. What is w(t)?
-6
Let f(c) = c**2 - 4*c + 2. Let n be f(5). Let a be (n + -16)*2/6. Let v(o) be the first derivative of o**3/3 + 3*o**2/2 + 3*o - 1. What is v(a)?
3
Let s(f) = 3*f**2 - 9*f + 9. Let z(n) = -n**2 - n + 2. Let v(o) = -s(o) - 2*z(o). Let d = -19 + 28. Calculate v(d).
5
Let k(i) = -82*i**2 + 2*i + 16. Let w(t) = 30*t**2 - t - 5. Let h(d) = -4*k(d) - 11*w(d). Calculate h(4).
-29
Let a(u) = u**3 - u + 35. Let n(p) = -p**2 - p + 8. Let v(z) = -a(z) + 4*n(z). Determine v(-3).
-3
Let u(n) be the first derivative of -n**3/3 - n**2 + 8*n + 4. Suppose 2*f + 7 = -7. Let c = 1 + f. Determine u(c).
-16
Let h(p) = p**3 - 9*p**2 - 8*p - 13. Let d(f) = f**3 + 20*f**2 + 35*f - 8. Let z be d(-18). What is h(z)?
7
Suppose -r = 3*p - 9, -5*r + 2 = -5*p - 3. Suppose -5*g + 32 = 4*o, -o + 19 = 21*g - 17*g. Let c(b) = -o*b + 2*b - 4*b**2 - b + 1 - p. Calculate c(-2).
-13
Let s(u) = -9*u - 2. Let n(h) = -4*h + 1. Let m(t) = 2*n(t) - s(t). Let p(d) = -2*d**3 + 3*d**2 - d. Let q be p(2). What is m(q)?
-2
Let s(h) be the second derivative of -h**5/20 + h**4/2 - h**3 + h**2/2 - h. Suppose 0 = 5*t - 4*r, -57*t + 54*t = 2*r - 22. Give s(t).
9
Let h(t) be the second derivative of t**4/12 - 3*t**3/2 + 5*t**2 - 38*t. Calculate h(9).
10
Let a(v) be the first derivative of -6*v**4 - v**3/3 + v**2/2 + 2*v + 272. What is a(-1)?
24
Let g(l) = 4*l**2 + 3*l + 3. Suppose 0 = b + 1 - 4. Let r(j) = -7*j**2 - 6*j - 5. Let a(k) = b*r(k) + 5*g(k). Let z be 32/4*(-1)/2. Calculate a(z).
-4
Let t(s) = -s**3 + s - 1. Let v(m) = -3*m**3 - 3*m**2 + 6*m - 7. Let x(j) = 5*t(j) - v(j). Suppose -3*f + 1 + 5 = 5*k, -5*f + 10 = 4*k. What is x(f)?
-4
Let i(n) be the second derivative of -n**5/20 + n**4/3 + n**2/2 + n. Let v be i(4). Suppose -v + 10 = -3*j. Let h(f) = 3*f + 1. Calculate h(j).
-8
Let q(p) be the first derivative of p**2 - 2*p + 53. Give q(4).
6
Let v(i) = 16*i + 7. Let w(q) = -13*q - 6. Let a(l) = 5*v(l) + 6*w(l). What is a(-2)?
-5
Let o(a) = -a - 1. Let h(v) = -v + 1. Suppose 0 = -3*x - 2*c + 3 - 17, x - 4*c = -14. Let r(k) = x*h(k) + 5*o(k). What is r(9)?
-2
Let p(f) = f**2 + 8*f + 2. Suppose -3*n - 3 = 0, v - 2 = 2*v - n. Let h = v - 4. What is p(h)?
-5
Let r(q) = 666 - q**2 - 1332 + 665 - 4*q. Give r(-4).
-1
Let b(t) = 2*t - t**2 - 4 + t + 0*t + 0*t + 5*t. What is b(8)?
-4
Let a(v) = -7*v - 3. Let f(i) = i**2 - 6*i - 5. Let w be f(7). Suppose 6 = 3*n, z + 1 = -w*n + n. What is a(z)?
18
Let z(u) = -4*u - 3*u**2 - 2*u + 3 + 2*u**2 + 5*u. Let m be 5*4*(3 - 2). Suppose -4 - m = 6*d. Determine z(d).
-9
Let i(g) be the third derivative of -g**5/60 - 7*g**4/24 - 5*g**3/6 - 19*g**2 + 20. Let t = -16 - -11. Calculate i(t).
5
Let b(c) = -c**3 - 6*c**2 - 6*c - 7. Let o = -1490 - -1485. Calculate b(o).
-2
Let r(g) = -5*g**3 - 4*g**2 + g - 13. Let p(d) = d**3 + d**2 - 1. Let k(x) = -4*p(x) - r(x). Suppose 0 = -3*z + 2*z. Calculate k(z).
17
Let x(f) = -f**2 + 15*f + 40. Let j(b) = -157*b + 332. Let g be j(2). Give x(g).
-14
Let h(d) = -3 + 333*d**3 + 6*d + 10 - 2 - 332*d**3 + 6*d**2. What is h(-4)?
13
Suppose 2*r = -2*g + 20, 3*g = -3*r + 4*r + 14. Let h(t) = -6*t + 29. Let z be h(g). Let c(v) = -v**2 - 8*v - 6. Calculate c(z).
1
Let y(s) = s**3 + 10*s**2 - 12*s + 2. Let w(f) = 3*f**3 + 20*f**2 - 25*f + 4. Let b(m) = -2*w(m) + 5*y(m). Give b(9).
-7
Let z(f) = -5 + 0 - 6*f + 3 + f**2. Let o = 30 + -10. Suppose 3*h - o = -h. Give z(h).
-7
Suppose -4*a + 15 + 13 = 0. Let k(s) = -7*s**2 + s + s**3 + 7*s**2 - a - 5*s**2. Let x = 8 - 3. Determine k(x).
-2
Let v(g) = -6 + 0 + 3*g**3 - g - 4*g**3 - 6*g**2. Let j be 52/(-9) + ((-6)/4)/(459/68). Calculate v(j).
0
Let t(f) be the third derivative of -f**9/60480 - f**8/5040 - f**7/1680 - f**6/360 + 2*f**5/15 + 7*f**2. Let a(y) be the third derivative of t(y). Give a(-3).
-2
Let q(b) = 10*b**2 + 32*b - 43. Let o(a) = -7*a**2 - 22*a + 28. Let c(m) = 7*o(m) + 5*q(m). Calculate c(-8).
-3
Let b(z) be the second derivative of -z**5/20 + 3*z**4/4 + z**3/6 + 4*z**2 + 128*z - 1. Give b(9).
17
Let h = 6 + -3. Let k be 1/(-2)*(-6)/h. Let n(s) = s**2 + 4*s - 3*s - 6 - 4*s + k. Give n(5).
5
Let b(l) = -l**2 + 6*l - 2. Let i be (8 - 2) + (2 - 3). Let d be b(i). Let n(y) = 7 + 5*y + 6*y**2 + d + y**3 - 3. Determine n(-5).
7
Let l(t) = -t**3 - 5*t**2 - 8*t - 7. Let m be (120/(-45) - -3)*(-4 + -2). What is l(m)?
-3
Let w(o) = 12 - 25 + 4*o + 12 + 27*o. Calculate w(1).
30
Let o be 12/(-2)*(-23)/46. Suppose 0 = -5*t - 1 - 9, 3*t + 15 = -o*q. Let v(l) = l + 7. Calculate v(q).
4
Let j(v) = 4*v - 1. Let r = 1237 - 1238. Calculate j(r).
-5
Suppose -3 = -4*t + 3*t. Suppose 3 + t = 2*v + 2*w, 20 = 4*v - 4*w. Let i(y) be the second derivative of y**4/12 - 5*y**3/6 + 23*y. Give i(v).
-4
Let i(j) be the third derivative of -9*j**2 - 1/120*j**6 - 1/15*j**5 + 0*j - 1/12*j**4 + 0 - 1/3*j**3. What is i(-3)?
-5
Let d(z) = -8*z**2 + 1282*z**3 - 5*z**2 - 5*z - 1284*z**3. Determine d(-6).
-6
Let t(f) be the second derivative of -1/12*f**4 - 8*f + 0 + 1/2*f**2 + 1/3*f**3. Let s be t(-2). Let c(z) = z + 5. Give c(s).
-2
Let y(a) = 2*a**2 + 3*a - 7. Let g be y(-5). Suppose -x = -5*c - 27, -4*x + 6*c + g = 2*c. Let o(j) be the third derivative of j**4/12 + 9*j**2. Determine o(x).
4
Let i(f) = 7*f**2 - 9*f - 3. Let o(x) = 12*x**2 - 16*x - 7. Let d(b) = -5*i(b) + 3*o(b). Let j(a) = a**2 + 5*a - 7. Let t be j(-7). What is d(t)?
22
Let v = 1 + -4. Suppose 2*n - 33 = -29. Let y(o) = 25*o**2 + 4*o + o**3 - 9*o**2 - 14*o**n - 6*o. What is y(v)?
-3
Let j = 138 + -136. Let k(r) = 3*r**2 + 20*r - 4*r**2 + 17*r + r**3 - 38*r - 1. What is k(j)?
1
Let g(w) be the third derivative of -1/24*w**4 + 6*w**2 + 0 - 5/3*w**3 + 0*w. Let k(b) = b**2 + 5*b - 5. Let u be k(-5). Give g(u).
-5
Let w(j) = 2*j**3 + 11*j**2 + 25*j + 3. Let z(c) = -3*c**3 - 16*c**2 - 38*c - 5. Let p(g) = -8*w(g) - 5*z(g). Give p(-7).
22
Let y(l) be the third derivative of 0*l**3 + 0 - 1/5*l**5 - 4*l**2 + 1/24*l**4 + 0*l. Give y(1).
-11
Let j(z) = -z + 26. Let c = 1048 - 1024. Determine j(c).
2
Let s(l) = l**2 - 11*l + 27. Let t be s(6). Let x(g) = 9*g - 1. What is x(t)?
-28
Let h(y) = -2 - 3*y - 8*y + 18*y + 0*y - y**2. Determine h(8).
-10
Let j(m) be the first derivative of 5*m**2/2 - 16*m - 251. Give j(8).
24
Let f(m) = -m**3 + 6*m**2 - 2*m - 2. Suppose 4*v = 4*y + 72, -y + 4*y - 6 = -v. Suppose -v + 3 = -2*g. Give f(g).
-14
Let n(t) = t + 2. Let x = 0 + 12. Suppose -2*y = x - 62. Suppose y = f + 4*f. Determine n(f).
7
Let g(n) = -2*n**3 + 6*n. Let r be g(2). Let v(d) = d**3 + 4*d**2 + d - 1. Calculate v(r).
-5
Let m(s) be the third derivative of -7*s**4/6 + s**3/2 - 267*s**2 - 1. What is m(2)?
-53
Let c(m) = -2*m**2 - 4*m - 33. Let s(w) = w**2 + w + 17. Let o(l) = 4*c(l) + 7*s(l). Calculate o(-6).
5
Let x(u) = -u**3 + 8*u**2 + u - 2. Suppose 4*g = 8*g - 36. Suppose 3*p + n = 15 + g, 0 = 3*p + 3*n - 24. Let k be x(p). Let i(w) = w**2 - 7*w. What is i(k)?
-6
Let h(c) = 3*c**2 - 17*c + 28. Let n be h(3). Let i(u) be the third derivative of 1/120*u**6 + 0*u + u**3 + 7*u**2 + 2/15*u**5 + 7/24*u**n + 0. Determine i(-7).
6
Suppose -5*i - 10 + 5 = 0. Let j(b) = -b**3 - 1. Let p(a) = -6*a**3 - 6*a**2 - 2*a - 14. Let k(n) = i*p(n) + 5*j(n). Determine k(-6).
-3
Suppose 0 = -23*p + p. Let t(s) = -s**3 + s + 9. Give t(p).
9
Let j(s) = -5*s**3 - 14*s**2 - 6*s + 1. Let r(p) = 15*p**3 + 38*p**2 + 16*p - 3. Let k(g) = -11*j(g) - 4*r(g). Give k(-1).
6
Let b(w) be the third derivative of -w**9/60480 + w**8/3360 + w**7/2520 - w**6/120 - w**5/20 + 3*w**2. Let u(l) be the third derivative of b(l). Give u(6).
6
Let r = -283 - -287. Let f(k) = -2*k + 6. What is f(r)?
-2
Let m(v) = 3*v**2 + 4*v + 11. Let c(l) = 